{"id":1844,"date":"2024-04-15T11:38:57","date_gmt":"2024-04-15T09:38:57","guid":{"rendered":"https:\/\/general-transmission.fr\/?page_id=1844"},"modified":"2024-06-26T15:31:22","modified_gmt":"2024-06-26T13:31:22","slug":"nos-partenaires","status":"publish","type":"page","link":"https:\/\/general-transmission.fr\/index.php\/nos-partenaires\/","title":{"rendered":"Nos partenaires"},"content":{"rendered":"\n<div class=\"wp-block-cover alignwide\"><span aria-hidden=\"true\" class=\"wp-block-cover__background has-background-dim\"><\/span><img loading=\"lazy\" decoding=\"async\" width=\"1024\" height=\"320\" class=\"wp-block-cover__image-background wp-image-2408\" alt=\"\" src=\"https:\/\/general-transmission.fr\/wp-content\/uploads\/2024\/04\/Entreprises-partenaires-ILV-paris-la-defense-2-1024x320.jpg\" data-object-fit=\"cover\" srcset=\"https:\/\/general-transmission.fr\/wp-content\/uploads\/2024\/04\/Entreprises-partenaires-ILV-paris-la-defense-2-1024x320.jpg 1024w, https:\/\/general-transmission.fr\/wp-content\/uploads\/2024\/04\/Entreprises-partenaires-ILV-paris-la-defense-2-300x94.jpg 300w, https:\/\/general-transmission.fr\/wp-content\/uploads\/2024\/04\/Entreprises-partenaires-ILV-paris-la-defense-2-768x240.jpg 768w, https:\/\/general-transmission.fr\/wp-content\/uploads\/2024\/04\/Entreprises-partenaires-ILV-paris-la-defense-2-1536x480.jpg 1536w, https:\/\/general-transmission.fr\/wp-content\/uploads\/2024\/04\/Entreprises-partenaires-ILV-paris-la-defense-2.jpg 1920w\" sizes=\"auto, (max-width: 1024px) 100vw, 1024px\" \/><div class=\"wp-block-cover__inner-container is-layout-flow wp-block-cover-is-layout-flow\">\n<h2 class=\"wp-block-heading has-text-align-center animated fadeInDown has-large-font-size\">Nos partenaires<\/h2>\n<\/div><\/div>\n\n\n\n<div style=\"height:48px\" aria-hidden=\"true\" class=\"wp-block-spacer\"><\/div>\n\n\n\n<h3 class=\"wp-block-heading has-text-align-center\">D\u00e9couvrez nos partenaires<\/h3>\n\n\n\n<div class=\"wp-block-columns is-layout-flex wp-container-core-columns-is-layout-28f84493 wp-block-columns-is-layout-flex\">\n<div class=\"wp-block-column is-layout-flow wp-block-column-is-layout-flow\">\n<figure class=\"wp-block-image aligncenter size-large animated fadeInUp\"><a href=\"https:\/\/www.sfrbusiness.fr\/\" target=\"_blank\" rel=\"noreferrer noopener\"><img loading=\"lazy\" decoding=\"async\" width=\"1024\" height=\"454\" src=\"https:\/\/general-transmission.fr\/wp-content\/uploads\/2024\/04\/Logo_SFRBusiness-1-1024x454.jpg\" alt=\"Nos partenaires\" class=\"wp-image-2410\" srcset=\"https:\/\/general-transmission.fr\/wp-content\/uploads\/2024\/04\/Logo_SFRBusiness-1-1024x454.jpg 1024w, https:\/\/general-transmission.fr\/wp-content\/uploads\/2024\/04\/Logo_SFRBusiness-1-300x133.jpg 300w, https:\/\/general-transmission.fr\/wp-content\/uploads\/2024\/04\/Logo_SFRBusiness-1-768x341.jpg 768w, https:\/\/general-transmission.fr\/wp-content\/uploads\/2024\/04\/Logo_SFRBusiness-1-1536x682.jpg 1536w, https:\/\/general-transmission.fr\/wp-content\/uploads\/2024\/04\/Logo_SFRBusiness-1-2048x909.jpg 2048w\" sizes=\"auto, (max-width: 1024px) 100vw, 1024px\" \/><\/a><\/figure>\n<\/div>\n\n\n\n<div class=\"wp-block-column is-layout-flow wp-block-column-is-layout-flow\">\n<div style=\"height:35px\" aria-hidden=\"true\" class=\"wp-block-spacer\"><\/div>\n\n\n\n<figure class=\"wp-block-image aligncenter size-large is-resized animated fadeInUp\"><a href=\"https:\/\/www.3cx.fr\/\" target=\"_blank\" rel=\"noreferrer noopener\"><img loading=\"lazy\" decoding=\"async\" width=\"1024\" height=\"373\" src=\"https:\/\/general-transmission.fr\/wp-content\/uploads\/2024\/04\/3CX_logo.svg-1024x373.png\" alt=\"Nos partenaires\" class=\"wp-image-2371\" style=\"width:305px;height:auto\" srcset=\"https:\/\/general-transmission.fr\/wp-content\/uploads\/2024\/04\/3CX_logo.svg-1024x373.png 1024w, https:\/\/general-transmission.fr\/wp-content\/uploads\/2024\/04\/3CX_logo.svg-300x109.png 300w, https:\/\/general-transmission.fr\/wp-content\/uploads\/2024\/04\/3CX_logo.svg-768x280.png 768w, https:\/\/general-transmission.fr\/wp-content\/uploads\/2024\/04\/3CX_logo.svg.png 1200w\" sizes=\"auto, (max-width: 1024px) 100vw, 1024px\" \/><\/a><\/figure>\n<\/div>\n\n\n\n<div class=\"wp-block-column is-layout-flow wp-block-column-is-layout-flow\">\n<figure class=\"wp-block-image aligncenter size-full is-resized animated fadeInUp\"><a href=\"https:\/\/www.cisco.com\/\" target=\"_blank\" rel=\"noreferrer noopener\"><img loading=\"lazy\" decoding=\"async\" width=\"400\" height=\"400\" src=\"https:\/\/general-transmission.fr\/wp-content\/uploads\/2024\/04\/tUEiXhTr_400x400.jpg\" alt=\"Nos partenaires\" class=\"wp-image-2411\" style=\"width:166px;height:auto\" srcset=\"https:\/\/general-transmission.fr\/wp-content\/uploads\/2024\/04\/tUEiXhTr_400x400.jpg 400w, https:\/\/general-transmission.fr\/wp-content\/uploads\/2024\/04\/tUEiXhTr_400x400-300x300.jpg 300w, https:\/\/general-transmission.fr\/wp-content\/uploads\/2024\/04\/tUEiXhTr_400x400-150x150.jpg 150w\" sizes=\"auto, (max-width: 400px) 100vw, 400px\" \/><\/a><\/figure>\n<\/div>\n<\/div>\n\n\n\n<div class=\"wp-block-columns is-layout-flex wp-container-core-columns-is-layout-28f84493 wp-block-columns-is-layout-flex\">\n<div class=\"wp-block-column is-layout-flow wp-block-column-is-layout-flow\">\n<figure class=\"wp-block-image aligncenter size-full is-resized animated fadeInUp\"><a href=\"https:\/\/www.unyc.io\/\" target=\"_blank\" rel=\"noreferrer noopener\"><img loading=\"lazy\" decoding=\"async\" width=\"400\" height=\"400\" src=\"https:\/\/general-transmission.fr\/wp-content\/uploads\/2024\/04\/cGQ7SYUb_400x400.png\" alt=\"Nos partenaires\" class=\"wp-image-2421\" style=\"width:198px;height:auto\" srcset=\"https:\/\/general-transmission.fr\/wp-content\/uploads\/2024\/04\/cGQ7SYUb_400x400.png 400w, https:\/\/general-transmission.fr\/wp-content\/uploads\/2024\/04\/cGQ7SYUb_400x400-300x300.png 300w, https:\/\/general-transmission.fr\/wp-content\/uploads\/2024\/04\/cGQ7SYUb_400x400-150x150.png 150w\" sizes=\"auto, (max-width: 400px) 100vw, 400px\" \/><\/a><\/figure>\n<\/div>\n\n\n\n<div class=\"wp-block-column is-layout-flow wp-block-column-is-layout-flow\">\n<figure class=\"wp-block-image aligncenter size-full is-resized animated fadeInUp\"><a href=\"https:\/\/www.id2son.fr\/\" target=\"_blank\" rel=\"noreferrer noopener\"><img loading=\"lazy\" decoding=\"async\" width=\"200\" height=\"200\" src=\"https:\/\/general-transmission.fr\/wp-content\/uploads\/2024\/04\/id2son_logo.jpg\" alt=\"Nos partenaires\" class=\"wp-image-2422\" style=\"width:198px;height:auto\" srcset=\"https:\/\/general-transmission.fr\/wp-content\/uploads\/2024\/04\/id2son_logo.jpg 200w, https:\/\/general-transmission.fr\/wp-content\/uploads\/2024\/04\/id2son_logo-150x150.jpg 150w\" sizes=\"auto, (max-width: 200px) 100vw, 200px\" \/><\/a><\/figure>\n<\/div>\n\n\n\n<div class=\"wp-block-column is-layout-flow wp-block-column-is-layout-flow\">\n<figure class=\"wp-block-image aligncenter size-full is-resized animated fadeInUp\"><a href=\"https:\/\/www.yealink.com\/\" target=\"_blank\" rel=\"noreferrer noopener\"><img loading=\"lazy\" decoding=\"async\" width=\"400\" height=\"400\" src=\"https:\/\/general-transmission.fr\/wp-content\/uploads\/2024\/04\/idAEdyMGnC.jpeg\" alt=\"Nos partenaires\" class=\"wp-image-2423\" style=\"width:194px;height:auto\" srcset=\"https:\/\/general-transmission.fr\/wp-content\/uploads\/2024\/04\/idAEdyMGnC.jpeg 400w, https:\/\/general-transmission.fr\/wp-content\/uploads\/2024\/04\/idAEdyMGnC-300x300.jpeg 300w, https:\/\/general-transmission.fr\/wp-content\/uploads\/2024\/04\/idAEdyMGnC-150x150.jpeg 150w\" sizes=\"auto, (max-width: 400px) 100vw, 400px\" \/><\/a><\/figure>\n<\/div>\n<\/div>\n\n\n\n<div style=\"height:89px\" aria-hidden=\"true\" class=\"wp-block-spacer\"><\/div>\n","protected":false},"excerpt":{"rendered":"<p>D\u00e9couvrez nos partenaires<\/p>\n","protected":false},"author":1,"featured_media":0,"parent":0,"menu_order":0,"comment_status":"closed","ping_status":"closed","template":"","meta":{"site-sidebar-layout":"default","site-content-layout":"","ast-site-content-layout":"default","site-content-style":"default","site-sidebar-style":"default","ast-global-header-display":"","ast-banner-title-visibility":"","ast-main-header-display":"","ast-hfb-above-header-display":"","ast-hfb-below-header-display":"","ast-hfb-mobile-header-display":"","site-post-title":"disabled","ast-breadcrumbs-content":"","ast-featured-img":"","footer-sml-layout":"","theme-transparent-header-meta":"","adv-header-id-meta":"","stick-header-meta":"","header-above-stick-meta":"","header-main-stick-meta":"","header-below-stick-meta":"","astra-migrate-meta-layouts":"default","ast-page-background-enabled":"default","ast-page-background-meta":{"desktop":{"background-color":"var(--ast-global-color-4)","background-image":"","background-repeat":"repeat","background-position":"center center","background-size":"auto","background-attachment":"scroll","background-type":"","background-media":"","overlay-type":"","overlay-color":"","overlay-opacity":"","overlay-gradient":""},"tablet":{"background-color":"","background-image":"","background-repeat":"repeat","background-position":"center center","background-size":"auto","background-attachment":"scroll","background-type":"","background-media":"","overlay-type":"","overlay-color":"","overlay-opacity":"","overlay-gradient":""},"mobile":{"background-color":"","background-image":"","background-repeat":"repeat","background-position":"center center","background-size":"auto","background-attachment":"scroll","background-type":"","background-media":"","overlay-type":"","overlay-color":"","overlay-opacity":"","overlay-gradient":""}},"ast-content-background-meta":{"desktop":{"background-color":"var(--ast-global-color-5)","background-image":"","background-repeat":"repeat","background-position":"center center","background-size":"auto","background-attachment":"scroll","background-type":"","background-media":"","overlay-type":"","overlay-color":"","overlay-opacity":"","overlay-gradient":""},"tablet":{"background-color":"var(--ast-global-color-5)","background-image":"","background-repeat":"repeat","background-position":"center center","background-size":"auto","background-attachment":"scroll","background-type":"","background-media":"","overlay-type":"","overlay-color":"","overlay-opacity":"","overlay-gradient":""},"mobile":{"background-color":"var(--ast-global-color-5)","background-image":"","background-repeat":"repeat","background-position":"center center","background-size":"auto","background-attachment":"scroll","background-type":"","background-media":"","overlay-type":"","overlay-color":"","overlay-opacity":"","overlay-gradient":""}},"_themeisle_gutenberg_block_has_review":false,"footnotes":""},"class_list":["post-1844","page","type-page","status-publish","hentry"],"yoast_head":"<!-- This site is optimized with the Yoast SEO plugin v27.3 - https:\/\/yoast.com\/product\/yoast-seo-wordpress\/ -->\n<title>Nos partenaires -<\/title>\n<meta name=\"description\" content=\"D\u00e9couvrez nos diff\u00e9rents partenaires chez G\u00e9n\u00e9ral Transmission : SFR Business, 3CX, Unyc, Cisco, ID2SON, Yealink...\" \/>\n<meta name=\"robots\" content=\"index, follow, max-snippet:-1, max-image-preview:large, max-video-preview:-1\" \/>\n<link rel=\"canonical\" href=\"https:\/\/general-transmission.fr\/index.php\/nos-partenaires\/\" \/>\n<meta property=\"og:locale\" content=\"fr_FR\" \/>\n<meta property=\"og:type\" content=\"article\" \/>\n<meta property=\"og:title\" content=\"Nos partenaires -\" \/>\n<meta property=\"og:description\" content=\"D\u00e9couvrez nos diff\u00e9rents partenaires chez G\u00e9n\u00e9ral Transmission : SFR Business, 3CX, Unyc, Cisco, ID2SON, Yealink...\" \/>\n<meta property=\"og:url\" content=\"https:\/\/general-transmission.fr\/index.php\/nos-partenaires\/\" \/>\n<meta property=\"article:modified_time\" content=\"2024-06-26T13:31:22+00:00\" \/>\n<meta property=\"og:image\" content=\"https:\/\/general-transmission.fr\/wp-content\/uploads\/2024\/04\/Entreprises-partenaires-ILV-paris-la-defense-2-1024x320.jpg\" \/>\n<meta name=\"twitter:card\" content=\"summary_large_image\" \/>\n<meta name=\"twitter:label1\" content=\"Dur\u00e9e de lecture estim\u00e9e\" \/>\n\t<meta name=\"twitter:data1\" content=\"2 minutes\" \/>\n<script type=\"application\/ld+json\" class=\"yoast-schema-graph\">{\"@context\":\"https:\\\/\\\/schema.org\",\"@graph\":[{\"@type\":\"Article\",\"@id\":\"https:\\\/\\\/general-transmission.fr\\\/index.php\\\/nos-partenaires\\\/#article\",\"isPartOf\":{\"@id\":\"https:\\\/\\\/general-transmission.fr\\\/index.php\\\/nos-partenaires\\\/\"},\"author\":{\"name\":\"admin9333\",\"@id\":\"https:\\\/\\\/general-transmission.fr\\\/#\\\/schema\\\/person\\\/934fe62cb3379d5561fd589c4b3fc398\"},\"headline\":\"Nos partenaires\",\"datePublished\":\"2024-04-15T09:38:57+00:00\",\"dateModified\":\"2024-06-26T13:31:22+00:00\",\"mainEntityOfPage\":{\"@id\":\"https:\\\/\\\/general-transmission.fr\\\/index.php\\\/nos-partenaires\\\/\"},\"wordCount\":8,\"publisher\":{\"@id\":\"https:\\\/\\\/general-transmission.fr\\\/#organization\"},\"image\":{\"@id\":\"https:\\\/\\\/general-transmission.fr\\\/index.php\\\/nos-partenaires\\\/#primaryimage\"},\"thumbnailUrl\":\"https:\\\/\\\/general-transmission.fr\\\/wp-content\\\/uploads\\\/2024\\\/04\\\/Entreprises-partenaires-ILV-paris-la-defense-2-1024x320.jpg\",\"inLanguage\":\"fr-FR\"},{\"@type\":\"WebPage\",\"@id\":\"https:\\\/\\\/general-transmission.fr\\\/index.php\\\/nos-partenaires\\\/\",\"url\":\"https:\\\/\\\/general-transmission.fr\\\/index.php\\\/nos-partenaires\\\/\",\"name\":\"Nos partenaires -\",\"isPartOf\":{\"@id\":\"https:\\\/\\\/general-transmission.fr\\\/#website\"},\"primaryImageOfPage\":{\"@id\":\"https:\\\/\\\/general-transmission.fr\\\/index.php\\\/nos-partenaires\\\/#primaryimage\"},\"image\":{\"@id\":\"https:\\\/\\\/general-transmission.fr\\\/index.php\\\/nos-partenaires\\\/#primaryimage\"},\"thumbnailUrl\":\"https:\\\/\\\/general-transmission.fr\\\/wp-content\\\/uploads\\\/2024\\\/04\\\/Entreprises-partenaires-ILV-paris-la-defense-2-1024x320.jpg\",\"datePublished\":\"2024-04-15T09:38:57+00:00\",\"dateModified\":\"2024-06-26T13:31:22+00:00\",\"description\":\"D\u00e9couvrez nos diff\u00e9rents partenaires chez G\u00e9n\u00e9ral Transmission : SFR Business, 3CX, Unyc, Cisco, ID2SON, Yealink...\",\"breadcrumb\":{\"@id\":\"https:\\\/\\\/general-transmission.fr\\\/index.php\\\/nos-partenaires\\\/#breadcrumb\"},\"inLanguage\":\"fr-FR\",\"potentialAction\":[{\"@type\":\"ReadAction\",\"target\":[\"https:\\\/\\\/general-transmission.fr\\\/index.php\\\/nos-partenaires\\\/\"]}]},{\"@type\":\"ImageObject\",\"inLanguage\":\"fr-FR\",\"@id\":\"https:\\\/\\\/general-transmission.fr\\\/index.php\\\/nos-partenaires\\\/#primaryimage\",\"url\":\"https:\\\/\\\/general-transmission.fr\\\/wp-content\\\/uploads\\\/2024\\\/04\\\/Entreprises-partenaires-ILV-paris-la-defense-2.jpg\",\"contentUrl\":\"https:\\\/\\\/general-transmission.fr\\\/wp-content\\\/uploads\\\/2024\\\/04\\\/Entreprises-partenaires-ILV-paris-la-defense-2.jpg\",\"width\":1920,\"height\":600,\"caption\":\"xr:d:DAEbpuoLOUU:660,j:31465566394,t:22072513\"},{\"@type\":\"BreadcrumbList\",\"@id\":\"https:\\\/\\\/general-transmission.fr\\\/index.php\\\/nos-partenaires\\\/#breadcrumb\",\"itemListElement\":[{\"@type\":\"ListItem\",\"position\":1,\"name\":\"Accueil\",\"item\":\"https:\\\/\\\/general-transmission.fr\\\/\"},{\"@type\":\"ListItem\",\"position\":2,\"name\":\"Nos partenaires\"}]},{\"@type\":\"WebSite\",\"@id\":\"https:\\\/\\\/general-transmission.fr\\\/#website\",\"url\":\"https:\\\/\\\/general-transmission.fr\\\/\",\"name\":\"G\u00e9n\u00e9ral Transmission\",\"description\":\"\",\"publisher\":{\"@id\":\"https:\\\/\\\/general-transmission.fr\\\/#organization\"},\"potentialAction\":[{\"@type\":\"SearchAction\",\"target\":{\"@type\":\"EntryPoint\",\"urlTemplate\":\"https:\\\/\\\/general-transmission.fr\\\/?s={search_term_string}\"},\"query-input\":{\"@type\":\"PropertyValueSpecification\",\"valueRequired\":true,\"valueName\":\"search_term_string\"}}],\"inLanguage\":\"fr-FR\"},{\"@type\":\"Organization\",\"@id\":\"https:\\\/\\\/general-transmission.fr\\\/#organization\",\"name\":\"G\u00e9n\u00e9ral Transmission\",\"url\":\"https:\\\/\\\/general-transmission.fr\\\/\",\"logo\":{\"@type\":\"ImageObject\",\"inLanguage\":\"fr-FR\",\"@id\":\"https:\\\/\\\/general-transmission.fr\\\/#\\\/schema\\\/logo\\\/image\\\/\",\"url\":\"https:\\\/\\\/general-transmission.fr\\\/wp-content\\\/uploads\\\/2020\\\/04\\\/logo-gt.jpg\",\"contentUrl\":\"https:\\\/\\\/general-transmission.fr\\\/wp-content\\\/uploads\\\/2020\\\/04\\\/logo-gt.jpg\",\"width\":223,\"height\":69,\"caption\":\"G\u00e9n\u00e9ral Transmission\"},\"image\":{\"@id\":\"https:\\\/\\\/general-transmission.fr\\\/#\\\/schema\\\/logo\\\/image\\\/\"}},{\"@type\":\"Person\",\"@id\":\"https:\\\/\\\/general-transmission.fr\\\/#\\\/schema\\\/person\\\/934fe62cb3379d5561fd589c4b3fc398\",\"name\":\"admin9333\",\"image\":{\"@type\":\"ImageObject\",\"inLanguage\":\"fr-FR\",\"@id\":\"https:\\\/\\\/secure.gravatar.com\\\/avatar\\\/bee0aa6b5ea460921dca508929c7ccd8b4a9ed2d7aa7517a7a150f8ae0e7acaf?s=96&d=mm&r=g\",\"url\":\"https:\\\/\\\/secure.gravatar.com\\\/avatar\\\/bee0aa6b5ea460921dca508929c7ccd8b4a9ed2d7aa7517a7a150f8ae0e7acaf?s=96&d=mm&r=g\",\"contentUrl\":\"https:\\\/\\\/secure.gravatar.com\\\/avatar\\\/bee0aa6b5ea460921dca508929c7ccd8b4a9ed2d7aa7517a7a150f8ae0e7acaf?s=96&d=mm&r=g\",\"caption\":\"admin9333\"},\"url\":\"https:\\\/\\\/general-transmission.fr\\\/index.php\\\/author\\\/admin9333\\\/\"}]}<\/script>\n<!-- \/ Yoast SEO plugin. -->","yoast_head_json":{"title":"Nos partenaires -","description":"D\u00e9couvrez nos diff\u00e9rents partenaires chez G\u00e9n\u00e9ral Transmission : SFR Business, 3CX, Unyc, Cisco, ID2SON, Yealink...","robots":{"index":"index","follow":"follow","max-snippet":"max-snippet:-1","max-image-preview":"max-image-preview:large","max-video-preview":"max-video-preview:-1"},"canonical":"https:\/\/general-transmission.fr\/index.php\/nos-partenaires\/","og_locale":"fr_FR","og_type":"article","og_title":"Nos partenaires -","og_description":"D\u00e9couvrez nos diff\u00e9rents partenaires chez G\u00e9n\u00e9ral Transmission : SFR Business, 3CX, Unyc, Cisco, ID2SON, Yealink...","og_url":"https:\/\/general-transmission.fr\/index.php\/nos-partenaires\/","article_modified_time":"2024-06-26T13:31:22+00:00","og_image":[{"url":"https:\/\/general-transmission.fr\/wp-content\/uploads\/2024\/04\/Entreprises-partenaires-ILV-paris-la-defense-2-1024x320.jpg","type":"","width":"","height":""}],"twitter_card":"summary_large_image","twitter_misc":{"Dur\u00e9e de lecture estim\u00e9e":"2 minutes"},"schema":{"@context":"https:\/\/schema.org","@graph":[{"@type":"Article","@id":"https:\/\/general-transmission.fr\/index.php\/nos-partenaires\/#article","isPartOf":{"@id":"https:\/\/general-transmission.fr\/index.php\/nos-partenaires\/"},"author":{"name":"admin9333","@id":"https:\/\/general-transmission.fr\/#\/schema\/person\/934fe62cb3379d5561fd589c4b3fc398"},"headline":"Nos partenaires","datePublished":"2024-04-15T09:38:57+00:00","dateModified":"2024-06-26T13:31:22+00:00","mainEntityOfPage":{"@id":"https:\/\/general-transmission.fr\/index.php\/nos-partenaires\/"},"wordCount":8,"publisher":{"@id":"https:\/\/general-transmission.fr\/#organization"},"image":{"@id":"https:\/\/general-transmission.fr\/index.php\/nos-partenaires\/#primaryimage"},"thumbnailUrl":"https:\/\/general-transmission.fr\/wp-content\/uploads\/2024\/04\/Entreprises-partenaires-ILV-paris-la-defense-2-1024x320.jpg","inLanguage":"fr-FR"},{"@type":"WebPage","@id":"https:\/\/general-transmission.fr\/index.php\/nos-partenaires\/","url":"https:\/\/general-transmission.fr\/index.php\/nos-partenaires\/","name":"Nos partenaires -","isPartOf":{"@id":"https:\/\/general-transmission.fr\/#website"},"primaryImageOfPage":{"@id":"https:\/\/general-transmission.fr\/index.php\/nos-partenaires\/#primaryimage"},"image":{"@id":"https:\/\/general-transmission.fr\/index.php\/nos-partenaires\/#primaryimage"},"thumbnailUrl":"https:\/\/general-transmission.fr\/wp-content\/uploads\/2024\/04\/Entreprises-partenaires-ILV-paris-la-defense-2-1024x320.jpg","datePublished":"2024-04-15T09:38:57+00:00","dateModified":"2024-06-26T13:31:22+00:00","description":"D\u00e9couvrez nos diff\u00e9rents partenaires chez G\u00e9n\u00e9ral Transmission : SFR Business, 3CX, Unyc, Cisco, ID2SON, Yealink...","breadcrumb":{"@id":"https:\/\/general-transmission.fr\/index.php\/nos-partenaires\/#breadcrumb"},"inLanguage":"fr-FR","potentialAction":[{"@type":"ReadAction","target":["https:\/\/general-transmission.fr\/index.php\/nos-partenaires\/"]}]},{"@type":"ImageObject","inLanguage":"fr-FR","@id":"https:\/\/general-transmission.fr\/index.php\/nos-partenaires\/#primaryimage","url":"https:\/\/general-transmission.fr\/wp-content\/uploads\/2024\/04\/Entreprises-partenaires-ILV-paris-la-defense-2.jpg","contentUrl":"https:\/\/general-transmission.fr\/wp-content\/uploads\/2024\/04\/Entreprises-partenaires-ILV-paris-la-defense-2.jpg","width":1920,"height":600,"caption":"xr:d:DAEbpuoLOUU:660,j:31465566394,t:22072513"},{"@type":"BreadcrumbList","@id":"https:\/\/general-transmission.fr\/index.php\/nos-partenaires\/#breadcrumb","itemListElement":[{"@type":"ListItem","position":1,"name":"Accueil","item":"https:\/\/general-transmission.fr\/"},{"@type":"ListItem","position":2,"name":"Nos partenaires"}]},{"@type":"WebSite","@id":"https:\/\/general-transmission.fr\/#website","url":"https:\/\/general-transmission.fr\/","name":"G\u00e9n\u00e9ral Transmission","description":"","publisher":{"@id":"https:\/\/general-transmission.fr\/#organization"},"potentialAction":[{"@type":"SearchAction","target":{"@type":"EntryPoint","urlTemplate":"https:\/\/general-transmission.fr\/?s={search_term_string}"},"query-input":{"@type":"PropertyValueSpecification","valueRequired":true,"valueName":"search_term_string"}}],"inLanguage":"fr-FR"},{"@type":"Organization","@id":"https:\/\/general-transmission.fr\/#organization","name":"G\u00e9n\u00e9ral Transmission","url":"https:\/\/general-transmission.fr\/","logo":{"@type":"ImageObject","inLanguage":"fr-FR","@id":"https:\/\/general-transmission.fr\/#\/schema\/logo\/image\/","url":"https:\/\/general-transmission.fr\/wp-content\/uploads\/2020\/04\/logo-gt.jpg","contentUrl":"https:\/\/general-transmission.fr\/wp-content\/uploads\/2020\/04\/logo-gt.jpg","width":223,"height":69,"caption":"G\u00e9n\u00e9ral Transmission"},"image":{"@id":"https:\/\/general-transmission.fr\/#\/schema\/logo\/image\/"}},{"@type":"Person","@id":"https:\/\/general-transmission.fr\/#\/schema\/person\/934fe62cb3379d5561fd589c4b3fc398","name":"admin9333","image":{"@type":"ImageObject","inLanguage":"fr-FR","@id":"https:\/\/secure.gravatar.com\/avatar\/bee0aa6b5ea460921dca508929c7ccd8b4a9ed2d7aa7517a7a150f8ae0e7acaf?s=96&d=mm&r=g","url":"https:\/\/secure.gravatar.com\/avatar\/bee0aa6b5ea460921dca508929c7ccd8b4a9ed2d7aa7517a7a150f8ae0e7acaf?s=96&d=mm&r=g","contentUrl":"https:\/\/secure.gravatar.com\/avatar\/bee0aa6b5ea460921dca508929c7ccd8b4a9ed2d7aa7517a7a150f8ae0e7acaf?s=96&d=mm&r=g","caption":"admin9333"},"url":"https:\/\/general-transmission.fr\/index.php\/author\/admin9333\/"}]}},"_links":{"self":[{"href":"https:\/\/general-transmission.fr\/index.php\/wp-json\/wp\/v2\/pages\/1844","targetHints":{"allow":["GET"]}}],"collection":[{"href":"https:\/\/general-transmission.fr\/index.php\/wp-json\/wp\/v2\/pages"}],"about":[{"href":"https:\/\/general-transmission.fr\/index.php\/wp-json\/wp\/v2\/types\/page"}],"author":[{"embeddable":true,"href":"https:\/\/general-transmission.fr\/index.php\/wp-json\/wp\/v2\/users\/1"}],"replies":[{"embeddable":true,"href":"https:\/\/general-transmission.fr\/index.php\/wp-json\/wp\/v2\/comments?post=1844"}],"version-history":[{"count":16,"href":"https:\/\/general-transmission.fr\/index.php\/wp-json\/wp\/v2\/pages\/1844\/revisions"}],"predecessor-version":[{"id":2734,"href":"https:\/\/general-transmission.fr\/index.php\/wp-json\/wp\/v2\/pages\/1844\/revisions\/2734"}],"wp:attachment":[{"href":"https:\/\/general-transmission.fr\/index.php\/wp-json\/wp\/v2\/media?parent=1844"}],"curies":[{"name":"wp","href":"https:\/\/api.w.org\/{rel}","templated":true}]}}