{"id":1820,"date":"2024-04-15T11:09:11","date_gmt":"2024-04-15T09:09:11","guid":{"rendered":"https:\/\/general-transmission.fr\/?page_id=1820"},"modified":"2024-06-26T16:26:31","modified_gmt":"2024-06-26T14:26:31","slug":"telephonie-mobile","status":"publish","type":"page","link":"https:\/\/general-transmission.fr\/index.php\/telephonie-mobile\/","title":{"rendered":"T\u00e9l\u00e9phonie mobile"},"content":{"rendered":"\n<div class=\"wp-block-cover alignfull\" style=\"min-height:398px;aspect-ratio:unset;\"><span aria-hidden=\"true\" class=\"wp-block-cover__background has-background-dim\"><\/span><img loading=\"lazy\" decoding=\"async\" width=\"750\" height=\"410\" class=\"wp-block-cover__image-background wp-image-2023\" alt=\"\" src=\"https:\/\/general-transmission.fr\/wp-content\/uploads\/2024\/04\/Smartphone-en-Afrique.jpg\" data-object-fit=\"cover\" srcset=\"https:\/\/general-transmission.fr\/wp-content\/uploads\/2024\/04\/Smartphone-en-Afrique.jpg 750w, https:\/\/general-transmission.fr\/wp-content\/uploads\/2024\/04\/Smartphone-en-Afrique-300x164.jpg 300w\" sizes=\"auto, (max-width: 750px) 100vw, 750px\" \/><div class=\"wp-block-cover__inner-container is-layout-flow wp-block-cover-is-layout-flow\">\n<h2 class=\"wp-block-heading has-text-align-center animated fadeInDown has-large-font-size\">T\u00e9l\u00e9phonie Mobile<\/h2>\n<\/div><\/div>\n\n\n\n<div style=\"height:30px\" aria-hidden=\"true\" class=\"wp-block-spacer\"><\/div>\n\n\n\n<h3 class=\"wp-block-heading has-text-align-center animated fadeInDown\">D\u00e9couvrez nos solutions de t\u00e9l\u00e9phonie mobile SFR Business<\/h3>\n\n\n\n<p class=\"has-text-align-center animated fadeInDown\"><strong>G\u00e9n\u00e9ral Transmission<\/strong> est un partenaire historique de l&rsquo;op\u00e9rateur <strong>SFR Business<\/strong> depuis plus de <strong>30 ans<\/strong>, qui propose \u00e0 ses clients des solutions de <strong>t\u00e9l\u00e9phonie mobile <\/strong>adapt\u00e9es aux entreprises, b\u00e9n\u00e9ficiant <strong>d&rsquo;avantages sp\u00e9cifiques<\/strong> et \u00e0 <strong>faibles co\u00fbts<\/strong>. Nous assurons la gestion des abonnements, la mise en place d&rsquo;options, de solution Mobile Device Management <strong>(MDM)<\/strong>, et la mise \u00e0 disposition <strong>des terminaux<\/strong> jusqu\u2019au recyclage&#8230;<\/p>\n\n\n\n<div class=\"wp-block-columns is-layout-flex wp-container-core-columns-is-layout-28f84493 wp-block-columns-is-layout-flex\">\n<div class=\"wp-block-column is-vertically-aligned-center animated fadeInLeft is-layout-flow wp-block-column-is-layout-flow\">\n<h4 class=\"wp-block-heading has-text-align-center\"><strong>La t\u00e9l\u00e9phonie mobile d&rsquo;entreprise<\/strong><\/h4>\n\n\n\n<p class=\"has-text-align-center\">Les&nbsp;<strong>forfaits mobiles entreprise<\/strong>&nbsp;4G et 5G garantissent plus d&rsquo;agilit\u00e9 \u00e0 vos collaborateurs, et leur permettent un acc\u00e8s continu aux donn\u00e9es strat\u00e9giques, que ce soit en d\u00e9placement, en travail \u00e0 distance ou \u00e0 l&rsquo;international.<br>Avec la g\u00e9n\u00e9ralisation du&nbsp;<strong>t\u00e9l\u00e9travail<\/strong>, et l\u2019utilisation croissante des solutions dans le cloud, la gestion de vos&nbsp;<strong>flottes mobiles entreprise<\/strong>&nbsp;et la s\u00e9curit\u00e9 des donn\u00e9es deviennent de v\u00e9ritables enjeux.<\/p>\n\n\n\n<p class=\"has-text-align-center\">SFR Business a d\u00e9velopp\u00e9 des solutions avanc\u00e9es de mobilit\u00e9, de gestion de la cybers\u00e9curit\u00e9, et des solutions de gestion de flotte mobile pour vous apporter plus d&rsquo;agilit\u00e9. Gr\u00e2ce \u00e0 ses partenariats strat\u00e9giques, nos&nbsp;<strong>options internationales<\/strong>&nbsp;vous permettent de b\u00e9n\u00e9ficier des meilleures conditions lorsque vous partez \u00e0 l&rsquo;\u00e9tranger pour t\u00e9l\u00e9phoner et travailler sereinement !<\/p>\n<\/div>\n\n\n\n<div class=\"wp-block-column animated fadeInRight is-layout-flow wp-block-column-is-layout-flow\">\n<figure class=\"wp-block-image aligncenter size-large is-resized\"><a href=\"https:\/\/www.sfrbusiness.fr\/telephonie-mobile\/\" target=\"_blank\" rel=\"noreferrer noopener\"><img loading=\"lazy\" decoding=\"async\" width=\"1024\" height=\"454\" src=\"https:\/\/general-transmission.fr\/wp-content\/uploads\/2024\/04\/Logo_SFRBusiness-1024x454.jpg\" alt=\"\" class=\"wp-image-2028\" style=\"width:566px;height:auto\" srcset=\"https:\/\/general-transmission.fr\/wp-content\/uploads\/2024\/04\/Logo_SFRBusiness-1024x454.jpg 1024w, https:\/\/general-transmission.fr\/wp-content\/uploads\/2024\/04\/Logo_SFRBusiness-300x133.jpg 300w, https:\/\/general-transmission.fr\/wp-content\/uploads\/2024\/04\/Logo_SFRBusiness-768x341.jpg 768w, https:\/\/general-transmission.fr\/wp-content\/uploads\/2024\/04\/Logo_SFRBusiness-1536x682.jpg 1536w, https:\/\/general-transmission.fr\/wp-content\/uploads\/2024\/04\/Logo_SFRBusiness-2048x909.jpg 2048w\" sizes=\"auto, (max-width: 1024px) 100vw, 1024px\" \/><\/a><\/figure>\n\n\n\n<div id=\"wp-block-themeisle-blocks-button-group-eea5a297\" class=\"wp-block-themeisle-blocks-button-group wp-block-buttons align-center-desktop\">\n<div id=\"wp-block-themeisle-blocks-button-7c5d5068\" class=\"wp-block-themeisle-blocks-button wp-block-button\"><a href=\"https:\/\/general-transmission.fr\/index.php\/xcontactez-nous\/\" target=\"_self\" rel=\"noopener noreferrer\" class=\"wp-block-button__link\"><span>Contactez-nous<\/span><\/a><\/div>\n<\/div>\n<\/div>\n<\/div>\n\n\n\n<div style=\"height:42px\" aria-hidden=\"true\" class=\"wp-block-spacer\"><\/div>\n\n\n\n<h2 class=\"wp-block-heading\">D\u00e9couvrez \u00e9galement l&rsquo;offre Samsung Knox<\/h2>\n\n\n\n<p class=\"has-text-align-center animated fadeInDown\"><strong>Samsung Knox<\/strong> est une plate-forme professionnelle pour la configuration et la <strong>gestion d&rsquo;appareils mobiles<\/strong>, qui propose une utilisation <strong>efficace<\/strong> et <strong>personnalis\u00e9e <\/strong>dans diff\u00e9rents secteurs. Gardez votre <strong>infrastructure mobile connect\u00e9e, prot\u00e9g\u00e9e et productive.<\/strong><\/p>\n\n\n\n<div class=\"wp-block-columns animated fadeIn is-layout-flex wp-container-core-columns-is-layout-28f84493 wp-block-columns-is-layout-flex\">\n<div class=\"wp-block-column is-layout-flow wp-block-column-is-layout-flow\">\n<h4 class=\"wp-block-heading has-text-align-center\">Plate-forme de s\u00e9curit\u00e9 Knox<\/h4>\n\n\n\n<p class=\"has-text-align-center has-ast-global-color-7-color has-text-color has-link-color wp-elements-e569785d0fc0aed2c659e19c1905c664\"><a href=\"https:\/\/www.samsungknox.com\/fr\/secured-by-knox\">Secured by Knox<\/a>&nbsp;symbolise la s\u00e9curit\u00e9 de niveau gouvernemental int\u00e9gr\u00e9e dans les appareils Samsung. Knox <strong>prot\u00e8ge les entreprises<\/strong> et utilisateurs finaux \u00e0 la fois au niveau du mat\u00e9riel et du logiciel.<\/p>\n<\/div>\n\n\n\n<div class=\"wp-block-column is-layout-flow wp-block-column-is-layout-flow\">\n<h4 class=\"wp-block-heading has-text-align-center\">Solutions cloud Knox<\/h4>\n\n\n\n<p class=\"has-text-align-center\">Notre portefeuille de solutions cloud Knox permet aux entreprises de <strong>configurer, personnaliser, d\u00e9ployer, analyser et g\u00e9rer leurs appareils<\/strong>. Cela am\u00e9liore les performances de l&rsquo;entreprise et aide les travailleurs \u00e0 obtenir une plus grande <strong>productivit\u00e9 et efficacit\u00e9<\/strong>, au bureau ou sur le terrain.<\/p>\n<\/div>\n<\/div>\n\n\n\n<div style=\"height:48px\" aria-hidden=\"true\" class=\"wp-block-spacer\"><\/div>\n","protected":false},"excerpt":{"rendered":"<p>D\u00e9couvrez nos solutions de t\u00e9l\u00e9phonie mobile SFR Business G\u00e9n\u00e9ral Transmission est un partenaire historique de l&rsquo;op\u00e9rateur SFR Business depuis plus [&hellip;]<\/p>\n","protected":false},"author":1,"featured_media":0,"parent":0,"menu_order":0,"comment_status":"closed","ping_status":"closed","template":"","meta":{"site-sidebar-layout":"default","site-content-layout":"","ast-site-content-layout":"default","site-content-style":"default","site-sidebar-style":"default","ast-global-header-display":"","ast-banner-title-visibility":"","ast-main-header-display":"","ast-hfb-above-header-display":"","ast-hfb-below-header-display":"","ast-hfb-mobile-header-display":"","site-post-title":"disabled","ast-breadcrumbs-content":"","ast-featured-img":"","footer-sml-layout":"","theme-transparent-header-meta":"","adv-header-id-meta":"","stick-header-meta":"","header-above-stick-meta":"","header-main-stick-meta":"","header-below-stick-meta":"","astra-migrate-meta-layouts":"default","ast-page-background-enabled":"default","ast-page-background-meta":{"desktop":{"background-color":"var(--ast-global-color-4)","background-image":"","background-repeat":"repeat","background-position":"center center","background-size":"auto","background-attachment":"scroll","background-type":"","background-media":"","overlay-type":"","overlay-color":"","overlay-opacity":"","overlay-gradient":""},"tablet":{"background-color":"","background-image":"","background-repeat":"repeat","background-position":"center center","background-size":"auto","background-attachment":"scroll","background-type":"","background-media":"","overlay-type":"","overlay-color":"","overlay-opacity":"","overlay-gradient":""},"mobile":{"background-color":"","background-image":"","background-repeat":"repeat","background-position":"center center","background-size":"auto","background-attachment":"scroll","background-type":"","background-media":"","overlay-type":"","overlay-color":"","overlay-opacity":"","overlay-gradient":""}},"ast-content-background-meta":{"desktop":{"background-color":"var(--ast-global-color-5)","background-image":"","background-repeat":"repeat","background-position":"center center","background-size":"auto","background-attachment":"scroll","background-type":"","background-media":"","overlay-type":"","overlay-color":"","overlay-opacity":"","overlay-gradient":""},"tablet":{"background-color":"var(--ast-global-color-5)","background-image":"","background-repeat":"repeat","background-position":"center center","background-size":"auto","background-attachment":"scroll","background-type":"","background-media":"","overlay-type":"","overlay-color":"","overlay-opacity":"","overlay-gradient":""},"mobile":{"background-color":"var(--ast-global-color-5)","background-image":"","background-repeat":"repeat","background-position":"center center","background-size":"auto","background-attachment":"scroll","background-type":"","background-media":"","overlay-type":"","overlay-color":"","overlay-opacity":"","overlay-gradient":""}},"_themeisle_gutenberg_block_has_review":false,"footnotes":""},"class_list":["post-1820","page","type-page","status-publish","hentry"],"yoast_head":"<!-- This site is optimized with the Yoast SEO plugin v27.4 - https:\/\/yoast.com\/product\/yoast-seo-wordpress\/ -->\n<title>T\u00e9l\u00e9phonie mobile -<\/title>\n<meta name=\"description\" content=\"G\u00e9n\u00e9ral Transmission propose \u00e0 ses clients des solutions de t\u00e9l\u00e9phonie mobile adapt\u00e9es et \u00e0 faibles co\u00fbts.\" \/>\n<meta name=\"robots\" content=\"index, follow, max-snippet:-1, max-image-preview:large, max-video-preview:-1\" \/>\n<link rel=\"canonical\" href=\"https:\/\/general-transmission.fr\/index.php\/telephonie-mobile\/\" \/>\n<meta property=\"og:locale\" content=\"fr_FR\" \/>\n<meta property=\"og:type\" content=\"article\" \/>\n<meta property=\"og:title\" content=\"T\u00e9l\u00e9phonie mobile -\" \/>\n<meta property=\"og:description\" content=\"G\u00e9n\u00e9ral Transmission propose \u00e0 ses clients des solutions de t\u00e9l\u00e9phonie mobile adapt\u00e9es et \u00e0 faibles co\u00fbts.\" \/>\n<meta property=\"og:url\" content=\"https:\/\/general-transmission.fr\/index.php\/telephonie-mobile\/\" \/>\n<meta property=\"article:modified_time\" content=\"2024-06-26T14:26:31+00:00\" \/>\n<meta property=\"og:image\" content=\"https:\/\/general-transmission.fr\/wp-content\/uploads\/2024\/04\/Smartphone-en-Afrique.jpg\" \/>\n<meta name=\"twitter:card\" content=\"summary_large_image\" \/>\n<meta name=\"twitter:label1\" content=\"Dur\u00e9e de lecture estim\u00e9e\" \/>\n\t<meta name=\"twitter:data1\" content=\"2 minutes\" \/>\n<script type=\"application\/ld+json\" class=\"yoast-schema-graph\">{\"@context\":\"https:\\\/\\\/schema.org\",\"@graph\":[{\"@type\":\"Article\",\"@id\":\"https:\\\/\\\/general-transmission.fr\\\/index.php\\\/telephonie-mobile\\\/#article\",\"isPartOf\":{\"@id\":\"https:\\\/\\\/general-transmission.fr\\\/index.php\\\/telephonie-mobile\\\/\"},\"author\":{\"name\":\"admin9333\",\"@id\":\"https:\\\/\\\/general-transmission.fr\\\/#\\\/schema\\\/person\\\/934fe62cb3379d5561fd589c4b3fc398\"},\"headline\":\"T\u00e9l\u00e9phonie mobile\",\"datePublished\":\"2024-04-15T09:09:11+00:00\",\"dateModified\":\"2024-06-26T14:26:31+00:00\",\"mainEntityOfPage\":{\"@id\":\"https:\\\/\\\/general-transmission.fr\\\/index.php\\\/telephonie-mobile\\\/\"},\"wordCount\":364,\"publisher\":{\"@id\":\"https:\\\/\\\/general-transmission.fr\\\/#organization\"},\"image\":{\"@id\":\"https:\\\/\\\/general-transmission.fr\\\/index.php\\\/telephonie-mobile\\\/#primaryimage\"},\"thumbnailUrl\":\"https:\\\/\\\/general-transmission.fr\\\/wp-content\\\/uploads\\\/2024\\\/04\\\/Smartphone-en-Afrique.jpg\",\"inLanguage\":\"fr-FR\"},{\"@type\":\"WebPage\",\"@id\":\"https:\\\/\\\/general-transmission.fr\\\/index.php\\\/telephonie-mobile\\\/\",\"url\":\"https:\\\/\\\/general-transmission.fr\\\/index.php\\\/telephonie-mobile\\\/\",\"name\":\"T\u00e9l\u00e9phonie mobile -\",\"isPartOf\":{\"@id\":\"https:\\\/\\\/general-transmission.fr\\\/#website\"},\"primaryImageOfPage\":{\"@id\":\"https:\\\/\\\/general-transmission.fr\\\/index.php\\\/telephonie-mobile\\\/#primaryimage\"},\"image\":{\"@id\":\"https:\\\/\\\/general-transmission.fr\\\/index.php\\\/telephonie-mobile\\\/#primaryimage\"},\"thumbnailUrl\":\"https:\\\/\\\/general-transmission.fr\\\/wp-content\\\/uploads\\\/2024\\\/04\\\/Smartphone-en-Afrique.jpg\",\"datePublished\":\"2024-04-15T09:09:11+00:00\",\"dateModified\":\"2024-06-26T14:26:31+00:00\",\"description\":\"G\u00e9n\u00e9ral Transmission propose \u00e0 ses clients des solutions de t\u00e9l\u00e9phonie mobile adapt\u00e9es et \u00e0 faibles co\u00fbts.\",\"breadcrumb\":{\"@id\":\"https:\\\/\\\/general-transmission.fr\\\/index.php\\\/telephonie-mobile\\\/#breadcrumb\"},\"inLanguage\":\"fr-FR\",\"potentialAction\":[{\"@type\":\"ReadAction\",\"target\":[\"https:\\\/\\\/general-transmission.fr\\\/index.php\\\/telephonie-mobile\\\/\"]}]},{\"@type\":\"ImageObject\",\"inLanguage\":\"fr-FR\",\"@id\":\"https:\\\/\\\/general-transmission.fr\\\/index.php\\\/telephonie-mobile\\\/#primaryimage\",\"url\":\"https:\\\/\\\/general-transmission.fr\\\/wp-content\\\/uploads\\\/2024\\\/04\\\/Smartphone-en-Afrique.jpg\",\"contentUrl\":\"https:\\\/\\\/general-transmission.fr\\\/wp-content\\\/uploads\\\/2024\\\/04\\\/Smartphone-en-Afrique.jpg\",\"width\":750,\"height\":410},{\"@type\":\"BreadcrumbList\",\"@id\":\"https:\\\/\\\/general-transmission.fr\\\/index.php\\\/telephonie-mobile\\\/#breadcrumb\",\"itemListElement\":[{\"@type\":\"ListItem\",\"position\":1,\"name\":\"Accueil\",\"item\":\"https:\\\/\\\/general-transmission.fr\\\/\"},{\"@type\":\"ListItem\",\"position\":2,\"name\":\"T\u00e9l\u00e9phonie mobile\"}]},{\"@type\":\"WebSite\",\"@id\":\"https:\\\/\\\/general-transmission.fr\\\/#website\",\"url\":\"https:\\\/\\\/general-transmission.fr\\\/\",\"name\":\"G\u00e9n\u00e9ral Transmission\",\"description\":\"\",\"publisher\":{\"@id\":\"https:\\\/\\\/general-transmission.fr\\\/#organization\"},\"potentialAction\":[{\"@type\":\"SearchAction\",\"target\":{\"@type\":\"EntryPoint\",\"urlTemplate\":\"https:\\\/\\\/general-transmission.fr\\\/?s={search_term_string}\"},\"query-input\":{\"@type\":\"PropertyValueSpecification\",\"valueRequired\":true,\"valueName\":\"search_term_string\"}}],\"inLanguage\":\"fr-FR\"},{\"@type\":\"Organization\",\"@id\":\"https:\\\/\\\/general-transmission.fr\\\/#organization\",\"name\":\"G\u00e9n\u00e9ral Transmission\",\"url\":\"https:\\\/\\\/general-transmission.fr\\\/\",\"logo\":{\"@type\":\"ImageObject\",\"inLanguage\":\"fr-FR\",\"@id\":\"https:\\\/\\\/general-transmission.fr\\\/#\\\/schema\\\/logo\\\/image\\\/\",\"url\":\"https:\\\/\\\/general-transmission.fr\\\/wp-content\\\/uploads\\\/2020\\\/04\\\/logo-gt.jpg\",\"contentUrl\":\"https:\\\/\\\/general-transmission.fr\\\/wp-content\\\/uploads\\\/2020\\\/04\\\/logo-gt.jpg\",\"width\":223,\"height\":69,\"caption\":\"G\u00e9n\u00e9ral Transmission\"},\"image\":{\"@id\":\"https:\\\/\\\/general-transmission.fr\\\/#\\\/schema\\\/logo\\\/image\\\/\"}},{\"@type\":\"Person\",\"@id\":\"https:\\\/\\\/general-transmission.fr\\\/#\\\/schema\\\/person\\\/934fe62cb3379d5561fd589c4b3fc398\",\"name\":\"admin9333\",\"image\":{\"@type\":\"ImageObject\",\"inLanguage\":\"fr-FR\",\"@id\":\"https:\\\/\\\/secure.gravatar.com\\\/avatar\\\/bee0aa6b5ea460921dca508929c7ccd8b4a9ed2d7aa7517a7a150f8ae0e7acaf?s=96&d=mm&r=g\",\"url\":\"https:\\\/\\\/secure.gravatar.com\\\/avatar\\\/bee0aa6b5ea460921dca508929c7ccd8b4a9ed2d7aa7517a7a150f8ae0e7acaf?s=96&d=mm&r=g\",\"contentUrl\":\"https:\\\/\\\/secure.gravatar.com\\\/avatar\\\/bee0aa6b5ea460921dca508929c7ccd8b4a9ed2d7aa7517a7a150f8ae0e7acaf?s=96&d=mm&r=g\",\"caption\":\"admin9333\"},\"url\":\"https:\\\/\\\/general-transmission.fr\\\/index.php\\\/author\\\/admin9333\\\/\"}]}<\/script>\n<!-- \/ Yoast SEO plugin. -->","yoast_head_json":{"title":"T\u00e9l\u00e9phonie mobile -","description":"G\u00e9n\u00e9ral Transmission propose \u00e0 ses clients des solutions de t\u00e9l\u00e9phonie mobile adapt\u00e9es et \u00e0 faibles co\u00fbts.","robots":{"index":"index","follow":"follow","max-snippet":"max-snippet:-1","max-image-preview":"max-image-preview:large","max-video-preview":"max-video-preview:-1"},"canonical":"https:\/\/general-transmission.fr\/index.php\/telephonie-mobile\/","og_locale":"fr_FR","og_type":"article","og_title":"T\u00e9l\u00e9phonie mobile -","og_description":"G\u00e9n\u00e9ral Transmission propose \u00e0 ses clients des solutions de t\u00e9l\u00e9phonie mobile adapt\u00e9es et \u00e0 faibles co\u00fbts.","og_url":"https:\/\/general-transmission.fr\/index.php\/telephonie-mobile\/","article_modified_time":"2024-06-26T14:26:31+00:00","og_image":[{"url":"https:\/\/general-transmission.fr\/wp-content\/uploads\/2024\/04\/Smartphone-en-Afrique.jpg","type":"","width":"","height":""}],"twitter_card":"summary_large_image","twitter_misc":{"Dur\u00e9e de lecture estim\u00e9e":"2 minutes"},"schema":{"@context":"https:\/\/schema.org","@graph":[{"@type":"Article","@id":"https:\/\/general-transmission.fr\/index.php\/telephonie-mobile\/#article","isPartOf":{"@id":"https:\/\/general-transmission.fr\/index.php\/telephonie-mobile\/"},"author":{"name":"admin9333","@id":"https:\/\/general-transmission.fr\/#\/schema\/person\/934fe62cb3379d5561fd589c4b3fc398"},"headline":"T\u00e9l\u00e9phonie mobile","datePublished":"2024-04-15T09:09:11+00:00","dateModified":"2024-06-26T14:26:31+00:00","mainEntityOfPage":{"@id":"https:\/\/general-transmission.fr\/index.php\/telephonie-mobile\/"},"wordCount":364,"publisher":{"@id":"https:\/\/general-transmission.fr\/#organization"},"image":{"@id":"https:\/\/general-transmission.fr\/index.php\/telephonie-mobile\/#primaryimage"},"thumbnailUrl":"https:\/\/general-transmission.fr\/wp-content\/uploads\/2024\/04\/Smartphone-en-Afrique.jpg","inLanguage":"fr-FR"},{"@type":"WebPage","@id":"https:\/\/general-transmission.fr\/index.php\/telephonie-mobile\/","url":"https:\/\/general-transmission.fr\/index.php\/telephonie-mobile\/","name":"T\u00e9l\u00e9phonie mobile -","isPartOf":{"@id":"https:\/\/general-transmission.fr\/#website"},"primaryImageOfPage":{"@id":"https:\/\/general-transmission.fr\/index.php\/telephonie-mobile\/#primaryimage"},"image":{"@id":"https:\/\/general-transmission.fr\/index.php\/telephonie-mobile\/#primaryimage"},"thumbnailUrl":"https:\/\/general-transmission.fr\/wp-content\/uploads\/2024\/04\/Smartphone-en-Afrique.jpg","datePublished":"2024-04-15T09:09:11+00:00","dateModified":"2024-06-26T14:26:31+00:00","description":"G\u00e9n\u00e9ral Transmission propose \u00e0 ses clients des solutions de t\u00e9l\u00e9phonie mobile adapt\u00e9es et \u00e0 faibles co\u00fbts.","breadcrumb":{"@id":"https:\/\/general-transmission.fr\/index.php\/telephonie-mobile\/#breadcrumb"},"inLanguage":"fr-FR","potentialAction":[{"@type":"ReadAction","target":["https:\/\/general-transmission.fr\/index.php\/telephonie-mobile\/"]}]},{"@type":"ImageObject","inLanguage":"fr-FR","@id":"https:\/\/general-transmission.fr\/index.php\/telephonie-mobile\/#primaryimage","url":"https:\/\/general-transmission.fr\/wp-content\/uploads\/2024\/04\/Smartphone-en-Afrique.jpg","contentUrl":"https:\/\/general-transmission.fr\/wp-content\/uploads\/2024\/04\/Smartphone-en-Afrique.jpg","width":750,"height":410},{"@type":"BreadcrumbList","@id":"https:\/\/general-transmission.fr\/index.php\/telephonie-mobile\/#breadcrumb","itemListElement":[{"@type":"ListItem","position":1,"name":"Accueil","item":"https:\/\/general-transmission.fr\/"},{"@type":"ListItem","position":2,"name":"T\u00e9l\u00e9phonie mobile"}]},{"@type":"WebSite","@id":"https:\/\/general-transmission.fr\/#website","url":"https:\/\/general-transmission.fr\/","name":"G\u00e9n\u00e9ral Transmission","description":"","publisher":{"@id":"https:\/\/general-transmission.fr\/#organization"},"potentialAction":[{"@type":"SearchAction","target":{"@type":"EntryPoint","urlTemplate":"https:\/\/general-transmission.fr\/?s={search_term_string}"},"query-input":{"@type":"PropertyValueSpecification","valueRequired":true,"valueName":"search_term_string"}}],"inLanguage":"fr-FR"},{"@type":"Organization","@id":"https:\/\/general-transmission.fr\/#organization","name":"G\u00e9n\u00e9ral Transmission","url":"https:\/\/general-transmission.fr\/","logo":{"@type":"ImageObject","inLanguage":"fr-FR","@id":"https:\/\/general-transmission.fr\/#\/schema\/logo\/image\/","url":"https:\/\/general-transmission.fr\/wp-content\/uploads\/2020\/04\/logo-gt.jpg","contentUrl":"https:\/\/general-transmission.fr\/wp-content\/uploads\/2020\/04\/logo-gt.jpg","width":223,"height":69,"caption":"G\u00e9n\u00e9ral Transmission"},"image":{"@id":"https:\/\/general-transmission.fr\/#\/schema\/logo\/image\/"}},{"@type":"Person","@id":"https:\/\/general-transmission.fr\/#\/schema\/person\/934fe62cb3379d5561fd589c4b3fc398","name":"admin9333","image":{"@type":"ImageObject","inLanguage":"fr-FR","@id":"https:\/\/secure.gravatar.com\/avatar\/bee0aa6b5ea460921dca508929c7ccd8b4a9ed2d7aa7517a7a150f8ae0e7acaf?s=96&d=mm&r=g","url":"https:\/\/secure.gravatar.com\/avatar\/bee0aa6b5ea460921dca508929c7ccd8b4a9ed2d7aa7517a7a150f8ae0e7acaf?s=96&d=mm&r=g","contentUrl":"https:\/\/secure.gravatar.com\/avatar\/bee0aa6b5ea460921dca508929c7ccd8b4a9ed2d7aa7517a7a150f8ae0e7acaf?s=96&d=mm&r=g","caption":"admin9333"},"url":"https:\/\/general-transmission.fr\/index.php\/author\/admin9333\/"}]}},"_links":{"self":[{"href":"https:\/\/general-transmission.fr\/index.php\/wp-json\/wp\/v2\/pages\/1820","targetHints":{"allow":["GET"]}}],"collection":[{"href":"https:\/\/general-transmission.fr\/index.php\/wp-json\/wp\/v2\/pages"}],"about":[{"href":"https:\/\/general-transmission.fr\/index.php\/wp-json\/wp\/v2\/types\/page"}],"author":[{"embeddable":true,"href":"https:\/\/general-transmission.fr\/index.php\/wp-json\/wp\/v2\/users\/1"}],"replies":[{"embeddable":true,"href":"https:\/\/general-transmission.fr\/index.php\/wp-json\/wp\/v2\/comments?post=1820"}],"version-history":[{"count":38,"href":"https:\/\/general-transmission.fr\/index.php\/wp-json\/wp\/v2\/pages\/1820\/revisions"}],"predecessor-version":[{"id":2749,"href":"https:\/\/general-transmission.fr\/index.php\/wp-json\/wp\/v2\/pages\/1820\/revisions\/2749"}],"wp:attachment":[{"href":"https:\/\/general-transmission.fr\/index.php\/wp-json\/wp\/v2\/media?parent=1820"}],"curies":[{"name":"wp","href":"https:\/\/api.w.org\/{rel}","templated":true}]}}